{"id":2058,"date":"2026-03-06T11:14:49","date_gmt":"2026-03-06T14:14:49","guid":{"rendered":"https:\/\/andromeda.com.ar\/?post_type=product&#038;p=2058"},"modified":"2026-03-06T11:14:50","modified_gmt":"2026-03-06T14:14:50","slug":"juego-de-plaza-infantil-mangrullo-tobogan-tubo-trepador","status":"publish","type":"product","link":"https:\/\/andromeda.com.ar\/index.php\/product\/juego-de-plaza-infantil-mangrullo-tobogan-tubo-trepador\/","title":{"rendered":"Juego De Plaza Infantil Mangrullo Tobog\u00e1n Tubo Trepador"},"content":{"rendered":"<p>MANGRULLO TRAVES\u00cdA Juego Completo con Estructura Met\u00e1lica (como se ve en las im\u00e1genes) Altura total: 3 m Altura (del piso a la plataforma): 0.96 m Plataforma: 0.94 m x 0.94 m Las medidas de ancho y largo publicadas corresponden al \u00e1rea de seguridad. Fabricamos juegos mangrullo con piezas pl\u00e1sticas resistentes, seguras y aptas para exterior. Dise\u00f1ados para ofrecer diversi\u00f3n, durabilidad y bajo mantenimiento, ideales para plazas, jardines o espacios recreativos. Caracter\u00edsticas Principales: -Accesorios fabricados con polietileno virgen: mayor resistencia y durabilidad. -Pintura poliuret\u00e1nica: utilizada en la industria automotriz, resistente a golpes y rayones. -Filtro UV: protege contra el desgaste por exposici\u00f3n solar. -Cumplimos con las Normas IRAM: garantizando seguridad y calidad. -Apto para intemperie y zonas de piscina: ideal para todo tipo de clima.<\/p>\n","protected":false},"excerpt":{"rendered":"<p>MANGRULLO TRAVES\u00cdA Juego Completo con Estructura Met\u00e1lica (como se ve en las im\u00e1genes) Altura total: 3 m Altura (del piso a la plataforma): 0.96 m Plataforma: 0.94 m x 0.94 m Las medidas de ancho y largo publicadas corresponden al \u00e1rea de seguridad. Fabricamos juegos mangrullo con piezas pl\u00e1sticas resistentes, seguras y aptas para exterior. Dise\u00f1ados para ofrecer diversi\u00f3n, durabilidad .<\/p>\n","protected":false},"featured_media":2059,"template":"","meta":{"site-sidebar-layout":"default","site-content-layout":"","ast-site-content-layout":"default","site-content-style":"default","site-sidebar-style":"default","ast-global-header-display":"","ast-banner-title-visibility":"","ast-main-header-display":"","ast-hfb-above-header-display":"","ast-hfb-below-header-display":"","ast-hfb-mobile-header-display":"","site-post-title":"","ast-breadcrumbs-content":"","ast-featured-img":"","footer-sml-layout":"","ast-disable-related-posts":"","theme-transparent-header-meta":"default","adv-header-id-meta":"","stick-header-meta":"","header-above-stick-meta":"","header-main-stick-meta":"","header-below-stick-meta":"","astra-migrate-meta-layouts":"set","ast-page-background-enabled":"default","ast-page-background-meta":{"desktop":{"background-color":"var(--ast-global-color-4)","background-image":"","background-repeat":"repeat","background-position":"center center","background-size":"auto","background-attachment":"scroll","background-type":"","background-media":"","overlay-type":"","overlay-color":"","overlay-opacity":"","overlay-gradient":""},"tablet":{"background-color":"","background-image":"","background-repeat":"repeat","background-position":"center center","background-size":"auto","background-attachment":"scroll","background-type":"","background-media":"","overlay-type":"","overlay-color":"","overlay-opacity":"","overlay-gradient":""},"mobile":{"background-color":"","background-image":"","background-repeat":"repeat","background-position":"center center","background-size":"auto","background-attachment":"scroll","background-type":"","background-media":"","overlay-type":"","overlay-color":"","overlay-opacity":"","overlay-gradient":""}},"ast-content-background-meta":{"desktop":{"background-color":"var(--ast-global-color-5)","background-image":"","background-repeat":"repeat","background-position":"center center","background-size":"auto","background-attachment":"scroll","background-type":"","background-media":"","overlay-type":"","overlay-color":"","overlay-opacity":"","overlay-gradient":""},"tablet":{"background-color":"var(--ast-global-color-5)","background-image":"","background-repeat":"repeat","background-position":"center center","background-size":"auto","background-attachment":"scroll","background-type":"","background-media":"","overlay-type":"","overlay-color":"","overlay-opacity":"","overlay-gradient":""},"mobile":{"background-color":"var(--ast-global-color-5)","background-image":"","background-repeat":"repeat","background-position":"center center","background-size":"auto","background-attachment":"scroll","background-type":"","background-media":"","overlay-type":"","overlay-color":"","overlay-opacity":"","overlay-gradient":""}}},"product_brand":[],"product_cat":[103,22],"product_tag":[],"class_list":{"0":"post-2058","1":"product","2":"type-product","3":"status-publish","4":"has-post-thumbnail","6":"product_cat-mangrullo","7":"product_cat-espacios-publicos","8":"desktop-align-left","9":"tablet-align-left","10":"mobile-align-left","12":"first","13":"instock","14":"shipping-taxable","15":"purchasable","16":"product-type-simple"},"_links":{"self":[{"href":"https:\/\/andromeda.com.ar\/index.php\/wp-json\/wp\/v2\/product\/2058","targetHints":{"allow":["GET"]}}],"collection":[{"href":"https:\/\/andromeda.com.ar\/index.php\/wp-json\/wp\/v2\/product"}],"about":[{"href":"https:\/\/andromeda.com.ar\/index.php\/wp-json\/wp\/v2\/types\/product"}],"wp:featuredmedia":[{"embeddable":true,"href":"https:\/\/andromeda.com.ar\/index.php\/wp-json\/wp\/v2\/media\/2059"}],"wp:attachment":[{"href":"https:\/\/andromeda.com.ar\/index.php\/wp-json\/wp\/v2\/media?parent=2058"}],"wp:term":[{"taxonomy":"product_brand","embeddable":true,"href":"https:\/\/andromeda.com.ar\/index.php\/wp-json\/wp\/v2\/product_brand?post=2058"},{"taxonomy":"product_cat","embeddable":true,"href":"https:\/\/andromeda.com.ar\/index.php\/wp-json\/wp\/v2\/product_cat?post=2058"},{"taxonomy":"product_tag","embeddable":true,"href":"https:\/\/andromeda.com.ar\/index.php\/wp-json\/wp\/v2\/product_tag?post=2058"}],"curies":[{"name":"wp","href":"https:\/\/api.w.org\/{rel}","templated":true}]}}